actors of 4048.
2, 11, 23
List the prime factors of 2649.
3, 883
What are the prime factors of 843?
3, 281
List the prime factors of 15769.
13, 1213
List the prime factors of 1255.
5, 251
What are the prime factors of 35493?
3, 11831
What are the prime factors of 5173?
7, 739
What are the prime factors of 17303?
11, 13
What are the prime factors of 429?
3, 11, 13
List the prime factors of 3100.
2, 5, 31
List the prime factors of 608.
2, 19
List the prime factors of 9147.
3, 3049
What are the prime factors of 2144?
2, 67
What are the prime factors of 25150?
2, 5, 503
What are the prime factors of 1305?
3, 5, 29
What are the prime factors of 31876?
2, 13, 613
List the prime factors of 1483.
1483
What are the prime factors of 49706?
2, 29, 857
What are the prime factors of 141105?
3, 5, 23, 409
List the prime factors of 111201.
3, 101, 367
What are the prime factors of 1010?
2, 5, 101
List the prime factors of 128648.
2, 13, 1237
What are the prime factors of 13514?
2, 29, 233
What are the prime factors of 10331?
10331
What are the prime factors of 2805?
3, 5, 11, 17
What are the prime factors of 4835?
5, 967
List the prime factors of 1127.
7, 23
List the prime factors of 693.
3, 7, 11
List the prime factors of 2759.
31, 89
List the prime factors of 1794.
2, 3, 13, 23
List the prime factors of 233.
233
What are the prime factors of 6484?
2, 1621
List the prime factors of 12833.
41, 313
List the prime factors of 3159.
3, 13
What are the prime factors of 1927?
41, 47
List the prime factors of 4251.
3, 13, 109
List the prime factors of 22667.
19, 1193
What are the prime factors of 13969?
61, 229
List the prime factors of 12484.
2, 3121
List the prime factors of 2633.
2633
What are the prime factors of 838?
2, 419
List the prime factors of 44712.
2, 3, 23
What are the prime factors of 134535?
3, 5, 8969
What are the prime factors of 1441?
11, 131
List the prime factors of 8457.
3, 2819
List the prime factors of 770.
2, 5, 7, 11
List the prime factors of 2299.
11, 19
List the prime factors of 6170.
2, 5, 617
List the prime factors of 77047.
77047
List the prime factors of 51934.
2, 23, 1129
What are the prime factors of 735?
3, 5, 7
What are the prime factors of 74610?
2, 3, 5, 829
List the prime factors of 3017.
7, 431
List the prime factors of 77033.
11, 47, 149
List the prime factors of 20500.
2, 5, 41
What are the prime factors of 947?
947
List the prime factors of 31051.
31051
List the prime factors of 4970.
2, 5, 7, 71
List the prime factors of 1012.
2, 11, 23
List the prime factors of 1584.
2, 3, 11
List the prime factors of 839.
839
What are the prime factors of 27498?
2, 3, 4583
What are the prime factors of 22693?
11, 2063
List the prime factors of 25031.
25031
What are the prime factors of 5921?
31, 191
What are the prime factors of 117466?
2, 58733
What are the prime factors of 4410?
2, 3, 5, 7
What are the prime factors of 8932?
2, 7, 11, 29
What are the prime factors of 28407?
3, 17, 557
List the prime factors of 1128.
2, 3, 47
List the prime factors of 561.
3, 11, 17
List the prime factors of 2197.
13
What are the prime factors of 548?
2, 137
What are the prime factors of 56891?
56891
What are the prime factors of 21370?
2, 5, 2137
What are the prime factors of 4248?
2, 3, 59
List the prime factors of 541.
541
What are the prime factors of 1815?
3, 5, 11
List the prime factors of 2704.
2, 13
List the prime factors of 32734.
2, 13, 1259
What are the prime factors of 10789?
10789
List the prime factors of 1923.
3, 641
What are the prime factors of 15566?
2, 43, 181
List the prime factors of 4211.
4211
List the prime factors of 93882.
2, 3, 15647
List the prime factors of 13910.
2, 5, 13, 107
List the prime factors of 1242.
2, 3, 23
List the prime factors of 6546.
2, 3, 1091
What are the prime factors of 49506?
2, 3, 37, 223
What are the prime factors of 1722?
2, 3, 7, 41
What are the prime factors of 6008?
2, 751
What are the prime factors of 4802?
2, 7
What are the prime factors of 46609?
127, 367
List the prime factors of 5510.
2, 5, 19, 29
List the prime factors of 953.
953
What are the prime factors of 5390?
2, 5, 7, 11
List the prime factors of 7659.
3, 23, 37
What are the prime factors of 5917?
61, 97
List the prime factors of 3366.
2, 3, 11, 17
What are the prime factors of 1875?
3, 5
List the prime factors of 45706.
2, 22853
List the prime factors of 2083.
2083
List the prime factors of 174893.
174893
List the prime factors of 2537.
43, 59
What are the prime factors of 11882?
2, 13, 457
List the prime factors of 33401.
127, 263
List the prime factors of 3471.
3, 13, 89
List the prime factors of 40625.
5, 13
List the prime factors of 12286.
2, 6143
List the prime factors of 14728.
2, 7, 263
What are the prime factors of 25507?
23, 1109
List the prime factors of 3182.
2, 37, 43
List the prime factors of 38955.
3, 5, 7, 53
What are the prime factors of 8154?
2, 3, 151
What are the prime factors of 5091?
3, 1697
List the prime factors of 513.
3, 19
List the prime factors of 10070.
2, 5, 19, 53
List the prime factors of 5639.
5639
What are the prime factors of 9085?
5, 23, 79
What are the prime factors of 4187?
53, 79
List the prime factors of 5319.
3, 197
List the prime factors of 489.
3, 163
List the prime factors of 129160.
2, 5, 3229
List the prime factors of 33318.
2, 3, 617
List the prime factors of 44369.
13, 3413
List the prime factors of 343.
7
What are the prime factors of 3233?
53, 61
List the prime factors of 599.
599
List the prime factors of 8141.
7, 1163
What are the prime factors of 8344?
2, 7, 149
List the prime factors of 263.
263
List the prime factors of 9790.
2, 5, 11, 89
What are the prime factors of 5547?
3, 43
What are the prime factors of 3884?
2, 971
What are the prime factors of 8202?
2, 3, 1367
What are the prime factors of 34022?
2, 17011
What are the prime factors of 6618?
2, 3, 1103
What are the prime factors of 939?
3, 313
List the prime factors of 2335.
5, 467
List the prime factors of 176081.
176081
List the prime factors of 4883.
19, 257
What are the prime factors of 1740?
2, 3, 5, 29
List the prime factors of 1930.
2, 5, 193
List the prime factors of 2141.
2141
What are the prime factors of 1851?
3, 617
What are the prime factors of 166730?
2, 5, 16673
What are the prime factors of 3824?
2, 239
List the prime factors of 18712.
2, 2339
What are the prime factors of 8414?
2, 7, 601
What are the prime factors of 139889?
59, 2371
What are the prime factors of 75195?
3, 5, 557
List the prime factors of 998.
2, 499
What are the prime factors of 49073?
31, 1583
What are the prime factors of 5709?
3, 11, 173
What are the prime factors of 162?
2, 3
List the prime factors of 2746.
2, 1373
List the prime factors of 740.
2, 5, 37
What are the prime factors of 73667?
11, 37, 181
What are the prime factors of 200?
2, 5
List the prime factors of 99996.
2, 3, 13, 641
What are the prime factors of 4996?
2, 1249
What are the prime factors of 111?
3, 37
What are the prime factors of 927?
3, 103
List the prime factors of 139821.
3, 11, 19, 223
List the prime factors of 41218.
2, 37, 557
List the prime factors of 411.
3, 137
What are the prime factors of 32031?
3, 3559
What are the prime factors of 1860?
2, 3, 5, 31
What are the prime factors of 129?
3, 43
What are the prime factors of 93442?
2, 19, 2459
What are the prime factors of 5488?
2, 7
What are the prime factors of 171565?
5, 34313
What are the prime factors of 10803?
3, 13, 277
List the prime factors of 17037.
3, 631
What are the prime factors of 1294?
2, 647
What are the prime factors of 77506?
2, 11, 13, 271
List the prime factors of 634.
2, 317
What are the prime factors of 6978?
2, 3, 1163
List the prime factors of 3796.
2, 13, 73
List the prime factors of 700.
2, 5, 7
List the prime factors of 12479.
12479
What are the prime factors of 1012?
2, 11, 23
List the prime factors of 5837.
13, 449
List the prime factors of 60781.
7, 19, 457
What are the prime factors of 102340?
2, 5, 7, 17, 43
What are the prime factors of 32053?
7, 19, 241
List the prime factors of 4737.
3, 1579
List the prime factors of 615.
3, 5, 41
What are the prime factors of 1425?
3, 5, 19
What are the prime factors of 6924?
2, 3, 577
What are the prime factors of 24577?
7, 3511
List 